{"id":55322,"date":"2020-11-08T22:06:00","date_gmt":"2020-11-08T21:06:00","guid":{"rendered":"https:\/\/www.ericfavre.com\/lifestyle\/?page_id=55322"},"modified":"2020-11-08T22:06:00","modified_gmt":"2020-11-08T21:06:00","slug":"quels-sont-les-meilleurs-bcaa","status":"publish","type":"page","link":"https:\/\/www.ericfavre.com\/lifestyle\/quels-sont-les-meilleurs-bcaa\/","title":{"rendered":"Quels sont les meilleurs BCAA ?"},"content":{"rendered":"\t\t<div data-elementor-type=\"wp-page\" data-elementor-id=\"55322\" class=\"elementor elementor-55322\" data-elementor-settings=\"[]\">\n\t\t\t\t\t\t\t<div class=\"elementor-section-wrap\">\n\t\t\t\t\t\t\t<section class=\"penci-section penci-disSticky penci-structure-10 elementor-section elementor-top-section elementor-element elementor-element-337cf5f3 elementor-section-content-middle elementor-section-boxed elementor-section-height-default elementor-section-height-default\" data-id=\"337cf5f3\" data-element_type=\"section\">\n\t\t\t\t\t\t<div class=\"elementor-container elementor-column-gap-no\">\n\t\t\t\t\t<div class=\"penci-ercol-100 penci-ercol-order-1 penci-sticky-ct  elementor-column elementor-col-100 elementor-top-column elementor-element elementor-element-3b9af046\" data-id=\"3b9af046\" data-element_type=\"column\">\n\t\t\t<div class=\"elementor-widget-wrap elementor-element-populated\">\n\t\t\t\t\t\t\t\t<div class=\"elementor-element elementor-element-6a0fa077 elementor-widget elementor-widget-image\" data-id=\"6a0fa077\" data-element_type=\"widget\" data-widget_type=\"image.default\">\n\t\t\t\t<div class=\"elementor-widget-container\">\n\t\t\t\t\t\t\t\t\t\t\t\t\t\t\t\t<a href=\"https:\/\/www.ericfavre.com\">\n\t\t\t\t\t\t\t<img width=\"300\" height=\"96\" src=\"https:\/\/www.ericfavre.com\/lifestyle\/wp-content\/uploads\/2020\/02\/logo-new-EF-300x96.png\" class=\"attachment-medium size-medium\" alt=\"\" loading=\"lazy\" srcset=\"https:\/\/www.ericfavre.com\/lifestyle\/wp-content\/uploads\/2020\/02\/logo-new-EF-300x96.png 300w, https:\/\/www.ericfavre.com\/lifestyle\/wp-content\/uploads\/2020\/02\/logo-new-EF.png 389w\" sizes=\"(max-width: 300px) 100vw, 300px\" \/>\t\t\t\t\t\t\t\t<\/a>\n\t\t\t\t\t\t\t\t\t\t\t\t\t\t\t<\/div>\n\t\t\t\t<\/div>\n\t\t\t\t\t<\/div>\n\t\t<\/div>\n\t\t\t\t\t\t\t<\/div>\n\t\t<\/section>\n\t\t\t\t<section class=\"penci-section penci-disSticky penci-structure-10 elementor-section elementor-top-section elementor-element elementor-element-1cd5f2f4 elementor-section-height-min-height elementor-section-boxed elementor-section-height-default elementor-section-items-middle\" data-id=\"1cd5f2f4\" data-element_type=\"section\" data-settings=\"{&quot;background_background&quot;:&quot;gradient&quot;,&quot;shape_divider_bottom&quot;:&quot;waves&quot;}\">\n\t\t\t\t\t\t\t<div class=\"elementor-background-overlay\"><\/div>\n\t\t\t\t\t\t<div class=\"elementor-shape elementor-shape-bottom\" data-negative=\"false\">\n\t\t\t<svg xmlns=\"http:\/\/www.w3.org\/2000\/svg\" viewBox=\"0 0 1000 100\" preserveAspectRatio=\"none\">\n\t<path class=\"elementor-shape-fill\" d=\"M421.9,6.5c22.6-2.5,51.5,0.4,75.5,5.3c23.6,4.9,70.9,23.5,100.5,35.7c75.8,32.2,133.7,44.5,192.6,49.7\n\tc23.6,2.1,48.7,3.5,103.4-2.5c54.7-6,106.2-25.6,106.2-25.6V0H0v30.3c0,0,72,32.6,158.4,30.5c39.2-0.7,92.8-6.7,134-22.4\n\tc21.2-8.1,52.2-18.2,79.7-24.2C399.3,7.9,411.6,7.5,421.9,6.5z\"\/>\n<\/svg>\t\t<\/div>\n\t\t\t\t\t<div class=\"elementor-container elementor-column-gap-default\">\n\t\t\t\t\t<div class=\"penci-ercol-100 penci-ercol-order-1 penci-sticky-ct  elementor-column elementor-col-100 elementor-top-column elementor-element elementor-element-173cae6a\" data-id=\"173cae6a\" data-element_type=\"column\">\n\t\t\t<div class=\"elementor-widget-wrap elementor-element-populated\">\n\t\t\t\t\t\t\t\t<div class=\"elementor-element elementor-element-69d0ec59 elementor-absolute elementor-widget elementor-widget-theme-post-title elementor-page-title elementor-widget-heading\" data-id=\"69d0ec59\" data-element_type=\"widget\" data-settings=\"{&quot;_position&quot;:&quot;absolute&quot;}\" data-widget_type=\"theme-post-title.default\">\n\t\t\t\t<div class=\"elementor-widget-container\">\n\t\t\t<h1 class=\"elementor-heading-title elementor-size-default\">Quels sont les meilleurs BCAA ?<\/h1>\t\t<\/div>\n\t\t\t\t<\/div>\n\t\t\t\t\t<\/div>\n\t\t<\/div>\n\t\t\t\t\t\t\t<\/div>\n\t\t<\/section>\n\t\t\t\t<section class=\"penci-section penci-disSticky penci-structure-10 elementor-section elementor-top-section elementor-element elementor-element-38083f4f elementor-section-boxed elementor-section-height-default elementor-section-height-default\" data-id=\"38083f4f\" data-element_type=\"section\">\n\t\t\t\t\t\t<div class=\"elementor-container elementor-column-gap-default\">\n\t\t\t\t\t<div class=\"penci-ercol-100 penci-ercol-order-1 penci-sticky-ct  elementor-column elementor-col-100 elementor-top-column elementor-element elementor-element-37282f77\" data-id=\"37282f77\" data-element_type=\"column\">\n\t\t\t<div class=\"elementor-widget-wrap elementor-element-populated\">\n\t\t\t\t\t\t\t\t<div class=\"elementor-element elementor-element-2a009d95 elementor-widget elementor-widget-theme-post-featured-image elementor-widget-image\" data-id=\"2a009d95\" data-element_type=\"widget\" data-widget_type=\"theme-post-featured-image.default\">\n\t\t\t\t<div class=\"elementor-widget-container\">\n\t\t\t\t\t\t\t\t\t\t\t\t\t\t\t<img width=\"1024\" height=\"768\" src=\"https:\/\/www.ericfavre.com\/lifestyle\/wp-content\/uploads\/2020\/12\/SPORTIF-ET-BCAA-LES-BIENFAITS2-1024x768.jpg\" class=\"attachment-large size-large\" alt=\"\" loading=\"lazy\" srcset=\"https:\/\/www.ericfavre.com\/lifestyle\/wp-content\/uploads\/2020\/12\/SPORTIF-ET-BCAA-LES-BIENFAITS2-1024x768.jpg 1024w, https:\/\/www.ericfavre.com\/lifestyle\/wp-content\/uploads\/2020\/12\/SPORTIF-ET-BCAA-LES-BIENFAITS2-300x225.jpg 300w, https:\/\/www.ericfavre.com\/lifestyle\/wp-content\/uploads\/2020\/12\/SPORTIF-ET-BCAA-LES-BIENFAITS2-768x576.jpg 768w, https:\/\/www.ericfavre.com\/lifestyle\/wp-content\/uploads\/2020\/12\/SPORTIF-ET-BCAA-LES-BIENFAITS2-1170x878.jpg 1170w, https:\/\/www.ericfavre.com\/lifestyle\/wp-content\/uploads\/2020\/12\/SPORTIF-ET-BCAA-LES-BIENFAITS2-585x439.jpg 585w, https:\/\/www.ericfavre.com\/lifestyle\/wp-content\/uploads\/2020\/12\/SPORTIF-ET-BCAA-LES-BIENFAITS2.jpg 1200w\" sizes=\"(max-width: 1024px) 100vw, 1024px\" \/>\t\t\t\t\t\t\t\t\t\t\t\t\t\t\t<\/div>\n\t\t\t\t<\/div>\n\t\t\t\t<div class=\"elementor-element elementor-element-3962e5f9 elementor-widget elementor-widget-spacer\" data-id=\"3962e5f9\" data-element_type=\"widget\" data-widget_type=\"spacer.default\">\n\t\t\t\t<div class=\"elementor-widget-container\">\n\t\t\t\t\t<div class=\"elementor-spacer\">\n\t\t\t<div class=\"elementor-spacer-inner\"><\/div>\n\t\t<\/div>\n\t\t\t\t<\/div>\n\t\t\t\t<\/div>\n\t\t\t\t<div class=\"elementor-element elementor-element-331788d4 elementor-widget elementor-widget-text-editor\" data-id=\"331788d4\" data-element_type=\"widget\" data-widget_type=\"text-editor.default\">\n\t\t\t\t<div class=\"elementor-widget-container\">\n\t\t\t\t\t\t\t\t<h2>Les meilleurs BCAA<\/h2>\n<p>Les&nbsp;<a href=\"https:\/\/www.ericfavre.com\/fr_fr\/bcaa-acides-amines-c-14.htm\" target=\"_blank\" rel=\"noopener\">BCAA<\/a>&nbsp;d\u00e9signent une combinaison de trois acides amin\u00e9s essentiels \u00e0 savoir la leucine, l\u2019isoleucine et la valine. Ces trois polym\u00e8res ne peuvent pas \u00eatre produits par l\u2019organisme, toutefois elles sont pr\u00e9sentes en grand nombre dans l\u2019alimentation.&nbsp;<\/p><p><br><\/p>\n<p>Ces mol\u00e9cules pr\u00e9sentent un fort int\u00e9r\u00eat pour les athl\u00e8tes en raison de leurs bienfaits sur la musculature et sur les performances physiques. C\u2019est d\u2019ailleurs pour cette raison qu\u2019elles sont toujours au centre des programmes de nutrition des sportives.&nbsp;<\/p><p><br><\/p><p>Cependant, il existe plusieurs formules&nbsp;: BCAA&nbsp;2.1.1, 4.1.1 ou 8.1.1. Comment donc choisir les BCAA en fonction de ses objectifs\u2009? La r\u00e9ponse dans cet article.<\/p><p><br><\/p>\n<h2>Quels BCAA pour une meilleure construction musculaire\u2009?<\/h2>\n<h3>BCAA&nbsp;2.1.1<\/h3>\n<p>Les BCAA&nbsp;2.1.1 constituent la formule originale (il y a deux fois plus de leucine que de valine et d\u2019isoleucine). Ces BCAA permettent aux hydrates de carbone d\u2019\u00eatre absorb\u00e9es plus rapidement par l\u2019organisme. Il en r\u00e9sulte une nette augmentation de la force et une meilleure r\u00e9sistance \u00e0 l\u2019entrainement. L\u2019athl\u00e8te sera alors apte \u00e0 d\u00e9passer ses limites, il en r\u00e9sulte une meilleure concentration des fibres musculaires.&nbsp;<\/p><p><br><\/p>\n<p>Il faut \u00e9galement noter que ce type de BCAA participe au renforcement immunitaire. En d\u2019autres termes, les acides amin\u00e9s am\u00e9liorent grandement la production des cellules immunitaires ce qui \u00e9vitera les infections \u00e0 r\u00e9p\u00e9tition.&nbsp;<\/p><p><br><\/p>\n<h3>BCAA&nbsp;4.1.1<\/h3>\n<p>Les BCAA&nbsp;4.1.1 poss\u00e8dent un taux de leucine 4 fois sup\u00e9rieur par rapport \u00e0 l\u2019isoleucine et \u00e0 la valine. Cette composition permet de bloquer la production de plusieurs neurom\u00e9diateurs (s\u00e9rotonine) dans le syst\u00e8me nerveux central.<\/p>\n<p><span style=\"font-size: inherit;\">&nbsp;<\/span><\/p>\n<p>Les effets seront alors semblables \u00e0 un stimulant naturel, car le sportif sera bien plus concentr\u00e9 dans son entrainement. La leucine emp\u00eache l\u2019endormissement ainsi que le catabolisme musculaire. En d\u2019autres mots, les muscles ne souffriront pas d\u2019hypertrophie malgr\u00e9 une forte sollicitation.&nbsp;<\/p><p><br><\/p>\n<p>Par ailleurs, les fibres musculaires gagnent en volume sous l\u2019action du BCAA&nbsp;4.1.1. En effet, les acides amin\u00e9s r\u00e9gulent le m\u00e9tabolisme prot\u00e9inique ce qui favorise l\u2019apport de nutriment au niveau des tissus musculaires.&nbsp;&nbsp;<\/p><p><br><\/p>\n<h2>Quels BCAA pour am\u00e9liorer sa r\u00e9cup\u00e9ration\u2009?<\/h2>\n<h3>BCAA&nbsp;8.1.1<\/h3>\n<p>Les BCAA avec le ratio&nbsp;8.1.1 (8 fois leucine, 1 valine, 1 isoleucine) permettent aux athl\u00e8tes de r\u00e9cup\u00e9rer rapidement apr\u00e8s un effort important. Les acides amin\u00e9s permettent aux tissus endommag\u00e9s par l\u2019entrainement d\u2019\u00eatre r\u00e9par\u00e9. Cela pr\u00e9vient ainsi l\u2019arriv\u00e9e de la courbature ainsi que des blessures.<\/p><p><br><\/p>\n<p>Avec peu d\u2019effets secondaires, les BCAA&nbsp;8.1.1 s\u2019adressent \u00e0 des sportifs professionnels qui sont soumis \u00e0 des exigences importantes (matchs ou tournois cons\u00e9cutifs avec peu de repos).&nbsp;<\/p><p><br><\/p>\n<h3>BCAA&nbsp;10.1.1<\/h3>\n<p>Les BCAA&nbsp;10.1.1 (10 leucine, 1 isoleucine, 1 valine) aident en premier lieu l\u2019athl\u00e8te \u00e0 r\u00e9cup\u00e9rer apr\u00e8s un entrainement important. Par ailleurs ces BCAA peuvent aussi intervenir pour&nbsp;:<\/p><p><br><\/p>\n<ul>\n<li>R\u00e9duire le taux d\u2019insuline dans le corps (ce qui bloque le stockage des graisses)<\/li>\n<li>Att\u00e9nuer la sensation de faim&nbsp;: c\u2019est important durant la phase de s\u00e8che, le corps a besoin d\u2019enlever les cellules adipeuses ainsi que la flotte.<\/li>\n<li>Abaisser le stockage des calories<\/li>\n<li>Favoriser l\u2019utilisation de la graisse durant l\u2019effort.<\/li>\n<\/ul>\n<h2>Quels sont les principes \u00e0 respecter pour un usage normal des BCAA&nbsp;?<\/h2>\n<p>Peu importe la formule des BCAA, il convient de respecter quelques r\u00e8gles comme&nbsp;:<\/p><p><br><\/p>\n<ul>\n<li>Les prendre en dehors des repas et des collations. Ils pourront \u00eatre ainsi plus efficaces.<\/li>\n<li>Ne pas boire de l\u2019alcool durant la cure de BCAA. Les boissons alcooliques sont les ennemis des sportifs, car ils s\u2019attaquent aux foies, \u00e0 l\u2019estomac ainsi qu\u2019au cerveau. Il en r\u00e9sulte une baisse importante des capacit\u00e9s physiques et cognitives.<\/li>\n<li>Ne pas fumer ou vapoter&nbsp;: les cigarettes classiques ou \u00e9lectroniques renferment des substances psychotropes comme la nicotine. Ces mol\u00e9cules alt\u00e8rent plus ou moins rapidement les effets des BCAA.<\/li>\n<li>Mettre la boite de BCAA dans un endroit pr\u00e9vu \u00e0 cet effet (sec et sans humidit\u00e9). Sachez qu\u2019il ne faut pas la mettre dans le r\u00e9frig\u00e9rateur au risque de d\u00e9truire les acides amin\u00e9s.<\/li>\n<li>Prendre du BCAA dans un cadre sportif. Ce n\u2019est pas la peine de recourir aux suppl\u00e9ments alimentaires sans un objectif athl\u00e9tique (d\u00e9veloppement de la force, de la r\u00e9sistance ou encore de la capacit\u00e9 cardiovasculaire). &nbsp;&nbsp;<\/li>\n<\/ul>\n<p>Demandez toujours l\u2019avis de votre m\u00e9decin si vous suivez un traitement sp\u00e9cifique. En effet, m\u00eame si les risques d\u2019interactions avec les BCAA sont faibles, mieux vaut toujours \u00eatre prudent.&nbsp;<\/p><p><br><\/p><p>Si c\u2019est pour la premi\u00e8re fois que vous prenez ce type de compl\u00e9ment alimentaire, demandez l\u2019aide d\u2019un nutritionniste.&nbsp; &nbsp;<\/p>\t\t\t\t\t\t<\/div>\n\t\t\t\t<\/div>\n\t\t\t\t<section class=\"penci-section penci-disSticky penci-structure-20 elementor-section elementor-inner-section elementor-element elementor-element-67457ec elementor-hidden-phone elementor-section-boxed elementor-section-height-default elementor-section-height-default\" data-id=\"67457ec\" data-element_type=\"section\">\n\t\t\t\t\t\t<div class=\"elementor-container elementor-column-gap-default\">\n\t\t\t\t\t<div class=\"penci-ercol-50 penci-ercol-order-1 penci-sticky-ct  elementor-column elementor-col-50 elementor-inner-column elementor-element elementor-element-9a1d042\" data-id=\"9a1d042\" data-element_type=\"column\">\n\t\t\t<div class=\"elementor-widget-wrap elementor-element-populated\">\n\t\t\t\t\t\t\t\t<div class=\"elementor-element elementor-element-616e029 elementor-widget elementor-widget-image\" data-id=\"616e029\" data-element_type=\"widget\" data-widget_type=\"image.default\">\n\t\t\t\t<div class=\"elementor-widget-container\">\n\t\t\t\t\t\t\t\t\t\t\t\t\t\t\t<img src=\"https:\/\/www.ericfavre.com\/lifestyle\/wp-content\/uploads\/elementor\/thumbs\/test-2-oxuekm6ovqm33o2drze5ngr3sb8cmopqo9piz99t7c.gif\" title=\"test-2\" alt=\"test-2\" \/>\t\t\t\t\t\t\t\t\t\t\t\t\t\t\t<\/div>\n\t\t\t\t<\/div>\n\t\t\t\t\t<\/div>\n\t\t<\/div>\n\t\t\t\t<div class=\"penci-ercol-50 penci-ercol-order-2 penci-sticky-ct  elementor-column elementor-col-50 elementor-inner-column elementor-element elementor-element-b683b89\" data-id=\"b683b89\" data-element_type=\"column\">\n\t\t\t<div class=\"elementor-widget-wrap elementor-element-populated\">\n\t\t\t\t\t\t\t\t<div class=\"elementor-element elementor-element-b588e5c elementor-widget elementor-widget-text-editor\" data-id=\"b588e5c\" data-element_type=\"widget\" data-widget_type=\"text-editor.default\">\n\t\t\t\t<div class=\"elementor-widget-container\">\n\t\t\t\t\t\t\t\t<p><img loading=\"lazy\" class=\"size-medium wp-image-58332 aligncenter\" src=\"https:\/\/www.ericfavre.com\/lifestyle\/wp-content\/uploads\/2020\/11\/LOGO-ERIC-FAVRE-New-FdBlanc-300x84.png\" alt=\"LOGO ERIC FAVRE SPORT\" width=\"300\" height=\"84\" srcset=\"https:\/\/www.ericfavre.com\/lifestyle\/wp-content\/uploads\/2020\/11\/LOGO-ERIC-FAVRE-New-FdBlanc-300x84.png 300w, https:\/\/www.ericfavre.com\/lifestyle\/wp-content\/uploads\/2020\/11\/LOGO-ERIC-FAVRE-New-FdBlanc-1024x286.png 1024w, https:\/\/www.ericfavre.com\/lifestyle\/wp-content\/uploads\/2020\/11\/LOGO-ERIC-FAVRE-New-FdBlanc-768x215.png 768w, https:\/\/www.ericfavre.com\/lifestyle\/wp-content\/uploads\/2020\/11\/LOGO-ERIC-FAVRE-New-FdBlanc-1536x429.png 1536w, https:\/\/www.ericfavre.com\/lifestyle\/wp-content\/uploads\/2020\/11\/LOGO-ERIC-FAVRE-New-FdBlanc-2048x572.png 2048w, https:\/\/www.ericfavre.com\/lifestyle\/wp-content\/uploads\/2020\/11\/LOGO-ERIC-FAVRE-New-FdBlanc-1170x327.png 1170w, https:\/\/www.ericfavre.com\/lifestyle\/wp-content\/uploads\/2020\/11\/LOGO-ERIC-FAVRE-New-FdBlanc-1920x536.png 1920w, https:\/\/www.ericfavre.com\/lifestyle\/wp-content\/uploads\/2020\/11\/LOGO-ERIC-FAVRE-New-FdBlanc-585x163.png 585w\" sizes=\"(max-width: 300px) 100vw, 300px\" \/><\/p><p><strong>\u00a0<\/strong><\/p><p><strong>RECOIS GRATUITEMENT TON GUIDE COMPLET DE LA MUSCULATION<\/strong><\/p><p>\u00a0<\/p><p>Il contient toutes les informations pour atteindre ton objectif (anatomie, exercices, m\u00e9thodes d&#8217;intensifications d&#8217;entra\u00eenements, m\u00e9tabolisme,..) de prise de masse et s\u00e8che !<\/p><p><iframe style=\"display: block; margin-left: auto; margin-right: auto; max-width: 100%;\" src=\"https:\/\/my.sendinblue.com\/users\/subscribe\/js_id\/32wu8\/id\/1\" width=\"540\" height=\"600\" frameborder=\"0\" scrolling=\"auto\" allowfullscreen=\"allowfullscreen\"><\/iframe><\/p>\t\t\t\t\t\t<\/div>\n\t\t\t\t<\/div>\n\t\t\t\t\t<\/div>\n\t\t<\/div>\n\t\t\t\t\t\t\t<\/div>\n\t\t<\/section>\n\t\t\t\t<div class=\"elementor-element elementor-element-97303e5 elementor-hidden-desktop elementor-hidden-tablet elementor-widget elementor-widget-text-editor\" data-id=\"97303e5\" data-element_type=\"widget\" data-widget_type=\"text-editor.default\">\n\t\t\t\t<div class=\"elementor-widget-container\">\n\t\t\t\t\t\t\t\t<p><img loading=\"lazy\" class=\" wp-image-58367 aligncenter\" src=\"https:\/\/www.ericfavre.com\/lifestyle\/wp-content\/uploads\/2020\/11\/LOGO-ERIC-FAVRE-New-FdNoir-300x84.png\" alt=\"logo eric favre\" width=\"229\" height=\"64\" srcset=\"https:\/\/www.ericfavre.com\/lifestyle\/wp-content\/uploads\/2020\/11\/LOGO-ERIC-FAVRE-New-FdNoir-300x84.png 300w, https:\/\/www.ericfavre.com\/lifestyle\/wp-content\/uploads\/2020\/11\/LOGO-ERIC-FAVRE-New-FdNoir-1024x286.png 1024w, https:\/\/www.ericfavre.com\/lifestyle\/wp-content\/uploads\/2020\/11\/LOGO-ERIC-FAVRE-New-FdNoir-768x215.png 768w, https:\/\/www.ericfavre.com\/lifestyle\/wp-content\/uploads\/2020\/11\/LOGO-ERIC-FAVRE-New-FdNoir-1536x429.png 1536w, https:\/\/www.ericfavre.com\/lifestyle\/wp-content\/uploads\/2020\/11\/LOGO-ERIC-FAVRE-New-FdNoir-2048x572.png 2048w, https:\/\/www.ericfavre.com\/lifestyle\/wp-content\/uploads\/2020\/11\/LOGO-ERIC-FAVRE-New-FdNoir-1170x327.png 1170w, https:\/\/www.ericfavre.com\/lifestyle\/wp-content\/uploads\/2020\/11\/LOGO-ERIC-FAVRE-New-FdNoir-1920x536.png 1920w, https:\/\/www.ericfavre.com\/lifestyle\/wp-content\/uploads\/2020\/11\/LOGO-ERIC-FAVRE-New-FdNoir-585x163.png 585w\" sizes=\"(max-width: 229px) 100vw, 229px\" \/><\/p><p>\u00a0<\/p><p><strong>RECOIS GRATUITEMENT LE GUIDE COMPLET DE LA MUSCULATION<\/strong><\/p><p>\u00a0<\/p><p>Il contient toutes les informations pour atteindre ton objectif (anatomie, exercices, m\u00e9thodes d&#8217;intensifications d&#8217;entra\u00eenements, m\u00e9tabolisme,..) de prise de masse et s\u00e8che !<\/p><p><iframe style=\"display: block; margin-left: auto; margin-right: auto; max-width: 100%;\" src=\"https:\/\/my.sendinblue.com\/users\/subscribe\/js_id\/32wu8\/id\/2\" width=\"350\" height=\"570\" frameborder=\"0\" scrolling=\"auto\" allowfullscreen=\"allowfullscreen\"><\/iframe><\/p>\t\t\t\t\t\t<\/div>\n\t\t\t\t<\/div>\n\t\t\t\t<div class=\"elementor-element elementor-element-35068fc3 elementor-widget elementor-widget-spacer\" data-id=\"35068fc3\" data-element_type=\"widget\" data-widget_type=\"spacer.default\">\n\t\t\t\t<div class=\"elementor-widget-container\">\n\t\t\t\t\t<div class=\"elementor-spacer\">\n\t\t\t<div class=\"elementor-spacer-inner\"><\/div>\n\t\t<\/div>\n\t\t\t\t<\/div>\n\t\t\t\t<\/div>\n\t\t\t\t\t<\/div>\n\t\t<\/div>\n\t\t\t\t\t\t\t<\/div>\n\t\t<\/section>\n\t\t\t\t\t\t<\/div>\n\t\t\t\t\t<\/div>\n\t\t","protected":false},"excerpt":{"rendered":"<p>Les meilleurs BCAA Les&nbsp;BCAA&nbsp;d\u00e9signent une combinaison de trois acides amin\u00e9s essentiels \u00e0 savoir la leucine,&hellip;<\/p>\n","protected":false},"author":16,"featured_media":0,"parent":0,"menu_order":0,"comment_status":"closed","ping_status":"closed","template":"elementor_canvas","meta":[],"_links":{"self":[{"href":"https:\/\/www.ericfavre.com\/lifestyle\/wp-json\/wp\/v2\/pages\/55322"}],"collection":[{"href":"https:\/\/www.ericfavre.com\/lifestyle\/wp-json\/wp\/v2\/pages"}],"about":[{"href":"https:\/\/www.ericfavre.com\/lifestyle\/wp-json\/wp\/v2\/types\/page"}],"author":[{"embeddable":true,"href":"https:\/\/www.ericfavre.com\/lifestyle\/wp-json\/wp\/v2\/users\/16"}],"replies":[{"embeddable":true,"href":"https:\/\/www.ericfavre.com\/lifestyle\/wp-json\/wp\/v2\/comments?post=55322"}],"version-history":[{"count":0,"href":"https:\/\/www.ericfavre.com\/lifestyle\/wp-json\/wp\/v2\/pages\/55322\/revisions"}],"wp:attachment":[{"href":"https:\/\/www.ericfavre.com\/lifestyle\/wp-json\/wp\/v2\/media?parent=55322"}],"curies":[{"name":"wp","href":"https:\/\/api.w.org\/{rel}","templated":true}]}}